 6 - (-3 + -3 + 4). Suppose 3*v + 4*r = 221, c*v = 4*v - r + 224. Is -2 - v/(-6) - (-6)/(-12) composite?
True
Suppose -w + 163885 = -3*l + 13034, -3*l = w - 150851. Is w a prime number?
False
Let a = 1016 - 187. Let d be 13/3 + (-5)/15. Suppose d*p = a - 81. Is p prime?
False
Suppose y - 6*d = -3*d + 2, 2 = y - 5*d. Is (-26808)/(-96)*8/y composite?
False
Suppose -4*p = -6*p + 6. Suppose 2 = -3*y - 7, -p*o = 5*y - 7722. Suppose -2*k + k = -o. Is k a prime number?
True
Let c = 358 - 726. Let u = c - -613. Suppose -2*q = 5*p - u, 274 - 59 = 2*q - 5*p. Is q composite?
True
Suppose 0 = -2*d - 9 + 1. Let g(a) be the first derivative of -a**4/4 + 3*a**2/2 + 7*a + 262. Is g(d) prime?
True
Suppose -355*d + 524152 = -347*d. Is d prime?
True
Let p(u) = 4*u - 5. Let h be p(8). Let d = h + -18. Is 5/((-15)/d) - -504 a prime number?
False
Suppose 5*s + 0*s + m - 11 = 0, -3 = -3*m. Let j be s/(-8) - (-84)/16. Suppose -2*i + 606 = -2*k + 1704, j*k = 3*i + 2749. Is k a prime number?
False
Let x be 60/14 + (-2)/7. Suppose 0 = -2*z + x*z - 6. Suppose s = -2*l + 2101, 0 = z*l + 3*s - 3442 + 286. Is l a prime number?
True
Let b = -30 - -34. Let y(q) = 1770*q - 1. Is y(b) a composite number?
False
Let p(d) = 2942*d**2 - 27*d + 52. Let u be p(2). Let x = u - -7451. Is x composite?
True
Let v(l) = 56000*l**2 - 262*l - 1293. Is v(-5) composite?
False
Suppose 5*d = -2*b, 7*d + 4*b = 5*d + 16. Let h(z) = -18412*z + 3. Is h(d) a composite number?
True
Let g(s) be the second derivative of 2197*s**5/2 + s**4/12 + 3*s**3/2 - 9*s**2/2 + 25*s. Is g(1) prime?
False
Let y(x) = x**3 + 6*x**2 - 16*x + 12. Let w be y(-8). Suppose 0 = -w*r - 0*r + 114396. Is r prime?
True
Let n be (-6*36)/1 + (-5 - -5). Let c = -25 - n. Let m = c - 42. Is m composite?
False
Let c(t) = 3*t**2 - 14*t - 35. Let m be c(-2). Is m/((-30)/48) + 5989 a prime number?
True
Suppose 0 = -2*h + 12, 25*h = x + 23*h - 206711. Is x composite?
True
Let z be (-14)/3 - (-28)/(-21) - -16. Suppose -z*r - 379510 = -20*r. Is r a composite number?
False
Let u(s) = 472*s**2 + 10*s - 126. Let g be u(-19). Suppose g = -358*a + 370*a. Is a a prime number?
True
Let s = 89 - 141. Let c = 56 + s. Suppose 0 = -f - t + 109, c*f = 3*f - 3*t + 115. Is f composite?
True
Let j = 35 + -30. Suppose -4*f + 2*f = w + 106, j*w + 546 = -2*f. Let a = 207 + w. Is a prime?
True
Let u(s) = 36*s**3 - 4*s**2 + 18*s - 243. Is u(29) prime?
True
Let a(n) = -n - 18. Let m be a(-18). Let p be 2/(-14) + 22/7. Suppose -p*y = -4*o - 6955, y - 2312 = -m*y - 5*o. Is y a composite number?
True
Suppose 3*g - 68 = -59. Suppose -6*h - 3450 = -8*h - 4*f, 3*h = -g*f + 5187. Is h composite?
False
Let w = -262 + 257. Let y(a) = -2023*a + 80. Is y(w) a prime number?
False
Let a = -10 + 14. Let c(m) = 136*m**2 + 12*m - 69. Is c(a) composite?
True
Suppose 2*u - 2*a - 745718 = 2*a, 1118592 = 3*u - 3*a. Is u a composite number?
True
Let l(x) = -4*x**3 - 3*x**2 - 95*x. Let m(q) = -5*q**3 - q**2 - 96*q - 1. Let f(b) = 6*l(b) - 5*m(b). Is f(21) composite?
True
Is (82571/(-4))/(14 + 7 + 20006/(-952)) prime?
False
Is 151527 - ((19 - 40) + 7) composite?
True
Suppose -12*i = -6*i - 18. Is (-69671)/(-296) - i/8 a composite number?
True
Let r = 44352 - -8439. Is r prime?
False
Suppose -4*a + 28 = 4*r, 2*a - 13 = a + 2*r. Let l(z) = 3*z**3 + 4*z**2 + 2*z - 3. Let c be l(3). Let w = c + a. Is w composite?
True
Let y(i) = 36*i**2 - 9. Let d(a) = -109*a**2 + a + 27. Let k(o) = -4*d(o) - 11*y(o). Is k(-4) prime?
True
Let l be (-2)/(-2) - (-2 + 6). Let u be 4877/2 - (l + 5/2). Let s = -880 + u. Is s prime?
True
Let x be (-10)/(-3)*-5*(-30)/125. Suppose 228 = 2*h - x*o - 1014, -h + 4*o = -613. Is h a composite number?
True
Let p = 3189 + 18068. Suppose 4073 = 10*c - p. Is c a composite number?
True
Suppose -h - 15 = -11, 1070091 = 3*v - 3*h. Is v a prime number?
True
Let b = 2082 + -1381. Let i = b + 992. Is i a composite number?
False
Let o(z) = 6*z**2 - 133*z - 3. Let s be o(22). Let p(r) = -1791*r + 226. Is p(s) prime?
False
Is 7926854/22 - 156/286 composite?
True
Let t(w) = -7013*w - 80. Is t(-17) composite?
True
Suppose -5*c + 122 = -3*c + x, -3*c + 5*x = -157. Let o = c + 190. Is o a prime number?
False
Is 405/(-270)*(4/(-10))/((-3)/(-177535)) a prime number?
True
Suppose 0 = -4*m + 5*g + 1102069, -84*m + 5*g = -81*m - 826548. Is m a composite number?
False
Suppose 18989024 = -781*k + 813*k. Is k a prime number?
True
Let q be 3/((-12)/(-96128)) - (-9)/(-3). Suppose -27877 = -6*t + q. Is t a prime number?
False
Suppose 12*k = 11*k + 3. Let s be 2/5 - 124*5/50. Is (-16664)/(-32) - k/s prime?
True
Let y(m) = -2*m - 28. Let l be y(-15). Suppose 0 = -2*g - l*z + 470, 1340 - 155 = 5*g - 5*z. Suppose 3*k - g = -83. Is k prime?
False
Is 4*((-191)/4)/(27/(-13257)) a prime number?
False
Is (-4347893)/44*(-6 - (-6)/3) prime?
False
Let i = 1387540 - 869021. Is i prime?
False
Let w be (-5)/(2 + 3) + 3. Is (8 - (-1 - -991))*(-1)/w composite?
False
Suppose -146*b = -1598661 - 96234892 - 17174881. Is b composite?
True
Let h be (-153104)/(-24) + (-4)/3. Suppose -2266 = -4*j + h. Is j a prime number?
True
Suppose -13*a - 39*a = -4408924. Is a a prime number?
True
Suppose -9971*v + 9960*v + 40073 = 0. Is v prime?
True
Suppose -3*d + 1256 + 238 = 0. Suppose 0 = -4*m + d + 162. Suppose -37*c = -32*c - m. Is c a composite number?
True
Suppose 8*u - 3*y = 4*u + 577105, -2*y + 2 = 0. Is u a prime number?
False
Let s(b) = b**3 + 4*b**2 - 2*b - 7. Let c be s(-3). Suppose -i = -16*i + 150. Suppose c*h = i*h - 1198. Is h a prime number?
True
Let r = 3842 + -5450. Let n(i) = i**3 - 12*i**2 - 7*i + 11. Let f be n(-11). Let h = r - f. Is h composite?
False
Let o be (91/(-39))/((-2)/6). Suppose -o*z = -39*z + 154720. Is z prime?
False
Let j(o) be the first derivative of o**4/4 + 2*o**3 - 5*o**2 - 9*o + 33. Let m be j(-7). Suppose 0 = -16*f + m*f + 2292. Is f a composite number?
True
Suppose 0 = -3*p - 3, 5*w + p - 320 = -76. Suppose 0 = -5*s + 5, 2*g - 492 = 5*s + w. Suppose -4*q + g = -715. Is q composite?
True
Let i = 201424 - -16711. Is i a composite number?
True
Let s = 134950 - 61553. Is s a composite number?
True
Suppose 3*n - 12 + 7 = -f, 0 = -5*n - 5. Suppose 6*c - f*c + 3781 = 3*h, 0 = c + h - 1890. Is c composite?
False
Let r = 91 + -88. Suppose 4*l = 0, r*m + 13372 = 7*m - 3*l. Is m composite?
False
Let h be (-2 - (-4)/8) + 95/(-10). Is (33834/(-8))/((-533)/(-52) + h) a composite number?
False
Suppose 6*k + 5 = 5*k. Let c(t) = 2*t + 12. Let w be c(k). Suppose -w*j - 4*s = -290, 0*j + 3*s = -3*j + 435. Is j a prime number?
False
Let v = -3574 + 7751. Is v prime?
True
Suppose 7*m - 278907 - 130670 = 0. Is m a prime number?
True
Suppose 7*s = 291562 + 477976. Suppose 46*x = 24*x + s. Is x prime?
False
Let o be 4*2/16 + (-166)/4. Let j = -46 - o. Is 5 + j + 1280 - (-1 - 2) composite?
False
Suppose -u - 210391 - 100537 = -3*w, 4*w = 2*u + 414570. Is w prime?
True
Let h(z) = -72*z**3 + 7*z**2 + 2*z + 8. Let t(l) = -73*l**3 + 8*l**2 + 3*l + 9. Let r(s) = -6*h(s) + 5*t(s). Let q be r(2). Is q/6*(-4)/(-3) a prime number?
False
Suppose 281*f - 1512326 - 644096 = 219*f. Is f a composite number?
False
Let f = -13053 - -40180. Is f a composite number?
False
Suppose 0 = -6*b + b + 4*i + 2391775, -5*b - 3*i + 2391740 = 0. Is b a composite number?
False
Let s be ((-10)/4)/(((-1)/(-2))/(-1)). Suppose 4*d - 6718 = 5*h + 49, -4*d - s*h + 6777 = 0. Is d composite?
False
Suppose -4*y = -z + 113 + 1937, 0 = 3*z - 6. Suppose -k + 2379 + 1204 = 3*b, 0 = b - 5*k - 1173. Let a = b + y. Is a a composite number?
True
Suppose 536*c = 520*c - 208. Let g = 274 + -132. Let j = g + c. Is j a composite number?
True
Let q(i) = 86*i - 155. Let u be q(2). Suppose -5*a + 1777 = 2*k, -2*a - u = 2*k - 1809. Is k composite?
True
Let j be (16/2)/(6/(-24)). Suppose 0 = -3*a + 10*a + 483. Let r = j - a. Is r a composite number?
False
Suppose 5*f = 5*u + 40, 3*u + f + 3 = -3*f. Is u/(195/(-6)) + 5036/52 composite?
False
Let n = 210334 + -145011. Is n composite?
False
Let g(i) = -i + 10. Let y be g(8). Suppose 58*q + 36 = 46*q. Is y/3*((-27252)/8)/q composite?
False
Let w = -161 - -177. Let t be (-2)/7 - -298*(-4)/(-56). Suppose -3505 = w*p - t*p. Is p composite?
False
Let l(y) be the third derivative of 25*y**4/24 + 14*y**3/3 - 33*y**2. L